*q**3/6 - 3*q**2 - 2*q. Let h(i) = -5*w(i) - 6*x(i). Give h(-6).
0
Suppose 0 = -5*b - 5*n, -3*b = -n + 3*n. Suppose 3*a - 12 = -b. Let x(m) = -3 + 4 - 2*m + a*m - 6. What is x(4)?
3
Let c(f) be the second derivative of -f**2 + 1/20*f**5 + 0 + 3*f - 1/6*f**4 + 1/3*f**3. Determine c(3).
13
Let q(y) = -y**2 - 6*y + 6. Let z be q(-6). Let g(x) = -x**3 + 5*x**2 + 3*x + 5. Give g(z).
-13
Suppose a - 1 + 3 = 0. Let p be 16/12*(-3)/a. Let f(j) = -2*j + 3 - p + 2 - j**2. What is f(-3)?
0
Let f(y) be the first derivative of 1/2*y**2 + 0*y + 1 - 1/3*y**3. Let n(a) = -a**3 - 2*a**2 + 4*a + 2. Let u be n(-3). What is f(u)?
-2
Suppose 4*l = 5*l - 2. Let x(y) = -y - 5 - l + 0*y + 2. Determine x(-4).
-1
Suppose -10 = 5*k - 5*a, -7*k - 1 = -2*k - 2*a. Let o(s) = 6*s**3 + 2*s - 1. Calculate o(k).
7
Let x(q) = 5*q**3 - q + 1. Let f be x(1). Suppose 4*v - 4*k - 16 = -2*k, 4*v + 2*k = 32. Let d(a) = 4*a + a - 5*a - a + v. Give d(f).
1
Let l(v) = 2*v - 4. Let g be l(0). Let d(n) = -3*n - 6. Calculate d(g).
6
Let g(j) = 2*j**2 + 5*j - 4. Let d(h) = 2*h + 1. Let w(p) = p. Let t(m) = -2*d(m) + 3*w(m). Let x be t(-3). Let b be -4*((-2 - -2) + x). Calculate g(b).
8
Let f = 9 + -8. Let t be (16/10)/(f/5). Let v(n) = -n**3 + 9*n**2 - 7*n - 9. Determine v(t).
-1
Let w(o) = 3*o + 4 - o**2 - 4*o**2 - 2*o**2 + 6*o**2. Let i be (-75)/(-20) + (-1)/(-4). Let z = i + -1. What is w(z)?
4
Let s(c) = 2*c**2 - 10 + 793*c + 3*c**2 - 4*c**2 - 789*c. Calculate s(-7).
11
Let x(v) = 4*v - 1. Let y be x(3). Suppose 0 = -2*i + y + 7. Let c(s) = -5*s - 12. Let w(t) = t + 3. Let z(l) = i*w(l) + 2*c(l). Determine z(3).
0
Let o be (5/(-2))/((-6)/12). Suppose 0 = o*v - 10*v. Let s(x) = x - 6. Determine s(v).
-6
Let w(c) = 3*c + 0*c**2 + c + 2 - c**2. Suppose 15 = 2*n - 15. Let g be 65/n + 2/3. Give w(g).
-3
Let w(k) = 3*k + 18. Let a be w(-8). Let i(n) = n**2 + 11*n + 7. Give i(a).
-23
Suppose 0*i + 4*f - 25 = -3*i, -i + 11 = 2*f. Let z(m) = -m**3 + m. Let r(l) = -2*l**3 + 6*l**2 + 3*l + 4. Let d(a) = i*z(a) - r(a). Determine d(-6).
-4
Let u = -10 - -16. Let z(c) = c**2 - 6*c + 2. Let t be z(u). Let r(l) = -2*l + 3. Calculate r(t).
-1
Let b be (6/4)/((-21)/(-98)). Let r(m) = 27*m**2 - 6*m + b + 2*m - 26*m**2. Calculate r(5).
12
Let v(i) be the second derivative of i**4/6 - 3*i**2/2 + 6*i. Let z(x) = -x**2. Let k(p) = v(p) + 3*z(p). What is k(0)?
-3
Let g be (-63)/9 + (2 - -1). Let c(a) = -a**2 - 4*a - 6. Determine c(g).
-6
Let c(w) = w**3 - 2*w**2 - w + 2. Let j(n) = 2*n**2 - n + 1. Let m be j(1). Let v be -2*m*(-3)/6. Give c(v).
0
Let l(t) = -t**3 + 7*t**2 + 8*t + 5. Let r be l(8). Let k(q) = -20*q**3 - 12*q**3 + 31*q**3 + 5*q**2 + 5. What is k(r)?
5
Let q(r) = 4 + 8*r**3 - 7*r**3 - r - 10. Determine q(0).
-6
Let w be 2/4 + 1/(-2). Let q(y) = y**2 + y - 1. What is q(w)?
-1
Let v(a) = -a + 3. Suppose -3*d + 20 = -2*d. Suppose 3*t + 5*j - 4*j + 8 = 0, -t = -4*j + d. Give v(t).
7
Let v(w) = 2 - w**3 + 0*w**2 - 4*w**2 + 0*w**3. Suppose 2 = -2*r + 3*r. Suppose 3*h - 7*q - 8 = -r*q, 4*h = 4*q. Give v(h).
2
Suppose -5*t - 2 - 18 = 4*q, 3*t + 15 = -3*q. Let m(k) be the first derivative of 4*k + 2 - k - k - k + k**2. Determine m(q).
-9
Let u(k) = -k**2 - 4*k + 1. Let d be ((-10)/4)/(-5 + 22/4). What is u(d)?
-4
Let y(w) = -w**3 + 2*w**2 + 2*w - 2. Let g = 25 - 27. Calculate y(g).
10
Suppose 6 + 9 = 5*k. Let p(o) = -2*o + k*o + 3 + o. Give p(-2).
-1
Suppose 17*z - 20*z = 12. Let w(c) = -c**3 - 6*c**2 - 5*c - 3. Give w(z).
-15
Let i be ((-6)/(-9) + -1)*-9. Suppose 2 = -3*h - 4*k, h + 4 = -i*k - 0*k. Let j(a) = -2*a + 0*a**2 - 1 + a**3 + 0*a**h. Calculate j(2).
3
Suppose 0*t = 2*t + 10. Let u(r) = 5*r**2 + 3*r - 11. Let k(b) = 4*b**2 + 3*b - 10. Let s(p) = 4*k(p) - 3*u(p). What is s(t)?
3
Let u = -2 + 2. Let k(b) be the second derivative of -5/2*b**2 + 0*b**3 - 1/12*b**4 - 3*b + 0. Calculate k(u).
-5
Let g(d) = 6*d - 10*d + 6*d**2 + 3*d. Suppose 0 = u - 4*u - 9. Let j(k) = -k - 2. Let o be j(u). Calculate g(o).
5
Suppose -2*y + j + 0 = -4, 5*y - 5*j = 5. Let i = 3 - y. Let x(k) = -k**3 - k**2 + k + 9. What is x(i)?
9
Let a(g) = 7*g + 1. Let c be 0/(2 - 0) - -10. Let w be ((-4)/10)/((-2)/c). Suppose 2*d + 12 = -2*d + 4*l, -w*d = -l + 4. Calculate a(d).
-6
Suppose 3*c + 3 = 2*m + 20, 20 = -5*m. Let n(b) = -3*b + 1. Let x(d) = 4*d - 1. Let a(f) = c*n(f) + 4*x(f). Calculate a(1).
6
Let d(y) be the second derivative of -y**4/6 - y**2 + y. Suppose 0 = 2*c - 6, 4*c = 4*m - 1 + 5. Give d(m).
-10
Let c(l) = -l**3 + l**2 + 1. Let k(f) = 3*f**3 + 4*f**2 - 2*f - 11. Let n(v) = v - 5. Let b be n(6). Let s(d) = b*k(d) + 2*c(d). Calculate s(-6).
3
Let v = 7 + -4. Let p(x) = -9*x + v - 6 + 2. Give p(-1).
8
Let u(x) = x**3 + 6*x**2 + 3*x - 3. Suppose -5*r - 10 = 5*c, 0 = r - 6*r - 2*c - 19. Determine u(r).
7
Suppose s - d - 35 = -2*s, 3*s = 2*d + 34. Let m = -8 + s. Let i(w) = w - 2*w + 0*w + m + 0. Give i(0).
4
Let t(i) = -i**3 - 10*i**2 - 9*i + 8. Let l be t(-9). Let k = -7 + l. Let q = k + 2. Let w(o) = o**3 - o**2 - 3*o. Calculate w(q).
9
Let k(t) be the second derivative of 0 + 2*t + 3/2*t**2 - 1/6*t**3. Determine k(3).
0
Let v(i) = i**3 - 4 - 2*i**3 + 2 - 3*i**2 + 3 + 4*i. What is v(-4)?
1
Let q(s) be the second derivative of -s**5/20 + 5*s**4/12 - s**3/3 + s**2 - s + 9. What is q(4)?
10
Suppose -3*a - 2*c - 5 = 2*c, -3*a = c - 10. Suppose 3*h + 10 = a*h. Let l(w) = -8 - w + 2*w + 0*w. Determine l(h).
-3
Let p(o) be the third derivative of -1/120*o**6 + 0*o + 5/6*o**3 - 1/15*o**5 + 0 + o**2 + 1/8*o**4. Let n be (7 - 1)/(6/(-4)). Calculate p(n).
-7
Let o(t) = -t - 1. Suppose 3*c - 4*f = 29, -c = 3*c - 3*f - 27. Let l(y) = 4 + 4*y - 6*y - y + 2*y. Let u be l(c). What is o(u)?
-2
Suppose -z + 4*z = -3*u, -u + 3*z = 16. Let w be (1 + -1)/(u - -2). Let d(h) = h - 5. Let s(a) = -2. Let x(r) = -d(r) + 4*s(r). Give x(w).
-3
Let f(a) be the third derivative of -a**8/6720 - a**7/504 - a**6/144 + a**5/40 + a**4/12 - 5*a**2. Let s(o) be the second derivative of f(o). Give s(-4).
7
Let r(f) = -6*f**2 + 4*f + 3. Let x(j) = 7*j**2 - 5*j - 4. Let s(y) = -4*r(y) - 3*x(y). Let t be s(1). Let a(d) = -2*d - d**3 + 4*d**t + 2 - 2. Calculate a(4).
-8
Let m(k) = -k**2 + 5*k + 1. Suppose 0 = x + 2*x - 3*v - 54, 2*v - 52 = -2*x. Suppose a = p - 2, 3*p - 4*a = 5*p - x. Calculate m(p).
1
Let i(k) = 2 + 4*k**2 + 5*k - 6*k - 4*k**2 - 3*k**2. Let b(u) = u**2 + 6*u + 6. Let y be b(-4). Determine i(y).
-8
Let l be 70/4 - 3/(-6). Let c(a) = 5*a - l*a**2 + 19*a**2 - 2*a + 2. Give c(-4).
6
Let y(v) = -v + 3. Let k be (-1 + 2)/((-2)/(-10)). Give y(k).
-2
Let r = 9 + -7. Let i = r - 6. Let t(a) = -a**2 - 3*a. Determine t(i).
-4
Let k(a) be the second derivative of a**3/3 - 9*a**2/2 - a. Give k(6).
3
Let p(o) be the second derivative of -o**4/6 - o**3/3 - o**2 - 28*o. Determine p(-2).
-6
Let m(q) = -3*q**2 - 8*q + 8. Let u(s) = -s**3 + s**2 - s + 1. Let v(p) = m(p) - u(p). Let g(r) = r**3 + 7*r**2 + 7*r - 10. Let i be g(-5). Give v(i).
-3
Let a(k) = -k**3 + 2*k**2 + 3*k + 2. Let z = 1 + -4. Let w = z - -4. Let n = 4 - w. Give a(n).
2
Let f(n) be the first derivative of -3*n**2/2 - 4*n + 5. Determine f(-5).
11
Let x(v) = v**3 + 13*v**2 - 14*v - 3. Let h be x(-14). Let m(k) = -2*k + 3. What is m(h)?
9
Let u(z) = z**2 - 10*z + 5. Let d = -20 - -29. What is u(d)?
-4
Suppose 5*h - 2*g + 19 = 0, 0 = 3*g - 0*g + 9. Let x(a) = -3 + 4*a + a**2 - 3*a + 4*a. Let n be x(h). Let v(k) = -3*k - 3. Give v(n).
6
Let v be 2/(-8) - 135/36. Let n(r) = r**3 + 4*r**2 + 3*r - 1. Give n(v).
-13
Let h be (3 + 9)*1/(-2). Let c(a) = -15*a**3 + 4*a**2 + 4 + 16*a**3 + 2*a**2. Determine c(h).
4
Suppose 2*n + 2*q + q + 15 = 0, 0 = -3*n + 2*q - 3. Let x(c) = 2*c. What is x(n)?
-6
Let i(v) = 2*v**2 - 7*v - 1. Let r(b) = 4*b - 31. Let a be r(9). Give i(a).
14
Let q(t) = t**2 - 4*t - 1. Let n(s) = -s**2 + s. Let o be n(2). Let d(i) = 2*i**3 - 2*i**3 + 3 - i**3 + 4*i. Let p be d(o). Give q(p).
-4
Let d(q) = -q + 14. Let w(j) = -5*j + 71. Let f(u) = -11*d(u) + 2*w(u). Suppose 0 = 4*s - 3*s - 7. What is f(s)?
-5
Let v(d) = 3*d + 2*d + d - 4*d. Let u(j) = -j**2 - 2*j + 3. Let l be u(2). Let r be (1 + -2)/1 - l. Calculate v(r).
8
Let m(t) be the first derivative of -t**2/2 - 4*t - 3. Let c(a) = 3*a**2. Let x be c(-1). Let g = -6 + x. Give m(g).
-1
Suppose -2*c = -3*c + 2. Let w(q) = 3 + 1